n base 3, what is 2100 - 12?
2011
In base 3, what is -110200 + -12?
-110212
In base 7, what is -5411 + -2?
-5413
In base 10, what is 2 - -7?
9
In base 5, what is 102300 - -1?
102301
In base 6, what is 13033 + -4?
13025
In base 7, what is 0 - -23?
23
In base 4, what is 3 - 11211?
-11202
In base 4, what is 0 - 1120?
-1120
In base 2, what is 1110010011100 + -10?
1110010011010
In base 12, what is -87a + 6?
-874
In base 11, what is -35 - 4?
-39
In base 4, what is -3 + -112213?
-112222
In base 9, what is 172 + 1?
173
In base 4, what is 20202 - 131?
20011
In base 10, what is -5 - 143?
-148
In base 2, what is 1000001 + 0?
1000001
In base 4, what is -1311 + 1331?
20
In base 9, what is -3 + -75?
-78
In base 3, what is -2 + -1001122?
-1001201
In base 8, what is -1061 - -26?
-1033
In base 9, what is 313 + 2?
315
In base 11, what is 2 + -142?
-140
In base 14, what is 3 - -3c?
41
In base 2, what is -1010011111 - 1111?
-1010101110
In base 2, what is 1101011101111 + -100?
1101011101011
In base 10, what is -3 - 3135?
-3138
In base 10, what is -833 + 4?
-829
In base 6, what is -10 + -445?
-455
In base 4, what is -30023 + -120?
-30203
In base 6, what is 3 + 11545?
11552
In base 3, what is 100 - 2101022?
-2100222
In base 5, what is -10112 - -10?
-10102
In base 4, what is -20 + 21322?
21302
In base 12, what is 78 - -10?
88
In base 16, what is d - 129?
-11c
In base 3, what is -1 + -1122122?
-1122200
In base 6, what is -103 + 21?
-42
In base 5, what is 24 - -1402?
1431
In base 6, what is -10104 - -4?
-10100
In base 16, what is 5 - 117?
-112
In base 11, what is 19a + -9?
191
In base 6, what is 300 + -1?
255
In base 16, what is 3 - cd?
-ca
In base 14, what is -2 + 43a?
438
In base 2, what is -100 - 10100101?
-10101001
In base 12, what is -337 - 6?
-341
In base 5, what is -132 + -3?
-140
In base 10, what is -870 - 5?
-875
In base 15, what is 125a + 3?
125d
In base 10, what is -6 + 46?
40
In base 6, what is 0 - -100?
100
In base 14, what is 170 + -7?
167
In base 16, what is -67f - 1?
-680
In base 2, what is -101100001000 - 0?
-101100001000
In base 4, what is 10 - 312022?
-312012
In base 5, what is 0 + -120404?
-120404
In base 3, what is -2 - -1110021?
1110012
In base 7, what is -2632 + 0?
-2632
In base 4, what is 1103 - -2?
1111
In base 9, what is -416 + 4?
-412
In base 3, what is 100 - 2110?
-2010
In base 10, what is 0 - 109?
-109
In base 7, what is -1 - -123?
122
In base 9, what is 7 - 2?
5
In base 11, what is 29 - -15a?
188
In base 6, what is 20 - -352?
412
In base 9, what is -1 - 132?
-133
In base 7, what is 0 - -25?
25
In base 15, what is 2e + e?
3d
In base 7, what is -32 - 13?
-45
In base 3, what is 12 + 21?
110
In base 6, what is -51 + -150?
-241
In base 14, what is -5 + 128?
123
In base 9, what is 121 - -4?
125
In base 8, what is 22 + -767?
-745
In base 6, what is -10 + 43?
33
In base 16, what is -cc + -3?
-cf
In base 7, what is -661 + -11?
-1002
In base 2, what is -1010100001 - -100?
-1010011101
In base 3, what is 1 + -221201?
-221200
In base 6, what is -4 + 5431?
5423
In base 15, what is 3eb + -1?
3ea
In base 7, what is 1 + 654?
655
In base 4, what is -20 + 10011?
3331
In base 7, what is 3461 - 5?
3453
In base 14, what is -1 + a4?
a3
In base 3, what is 0 - 1021?
-1021
In base 12, what is -1208 - 0?
-1208
In base 15, what is -6 + 6?
0
In base 13, what is 7 - 1?
6
In base 4, what is 1 + -201?
-200
In base 15, what is -9 + -c?
-16
In base 3, what is 12 + -21221?
-21202
In base 5, what is 0 + -100032?
-100032
In base 12, what is a - -47?
55
In base 5, what is -10331 + 0?
-10331
In base 8, what is -33773 + 0?
-33773
In base 10, what is 6557 - -3?
6560
In base 13, what is -4 - 60?
-64
In base 4, what is 332 - 10032?
-3100
In base 14, what is -2c - -11d?
d1
In base 7, what is -60 - 6?
-66
In base 9, what is 447 - -1?
448
In base 16, what is 15 + b?
20
In base 14, what is 2b + -31?
-4
In base 7, what is -5 - -61?
53
In base 10, what is 498 - -3?
501
In base 5, what is 0 + 14?
14
In base 7, what is -1 + 144?
143
In base 9, what is -585 - -5?
-580
In base 16, what is 17 - -36?
4d
In base 10, what is 2 - -54?
56
In base 16, what is 0 + 114?
114
In base 10, what is -17783 - 2?
-17785
In base 8, what is -401 + 2?
-377
In base 6, what is 1 + -515?
-514
In base 2, what is -101111001 + 10011?
-101100110
In base 4, what is -1233023 + 3?
-1233020
In base 7, what is 3 - -3201?
3204
In base 10, what is 4 - 59?
-55
In base 11, what is -315 - 3?
-318
In base 3, what is 1 + -12001222?
-12001221
In base 3, what is 112 + 220001?
220120
In base 3, what is -11 + -10122?
-10210
In base 5, what is -201 + 302?
101
In base 8, what is -11500 - 5?
-11505
In base 4, what is -230 + -23?
-313
In base 8, what is 110 + -64?
24
In base 8, what is -6 - 5?
-13
In base 14, what is -d9 - 1?
-da
In base 3, what is -12 + 11200?
11111
In base 7, what is 101 + 64?
165
In base 15, what is 4980 - 0?
4980
In base 3, what is 1021 - -1?
1022
In base 3, what is 11200 - -2?
11202
In base 4, what is -1 - 11?
-12
In base 3, what is 11211 + 200?
12111
In base 3, what is 0 + -21012120?
-21012120
In base 12, what is 18a - 5?
185
In base 4, what is -10 + -123?
-133
In base 13, what is 0 + 21b0?
21b0
In base 2, what is 1100111000 + 100?
1100111100
In base 7, what is 524 + 2?
526
In base 14, what is -65 - 8?
-6d
In base 13, what is 18 + -35?
-1a
In base 13, what is 3 + 1c2?
1c5
In base 16, what is -1a7 + -c?
-1b3
In base 16, what is -4 - -6b?
67
In base 13, what is -23 - 8?
-2b
In base 16, what is 4 + -343?
-33f
In base 7, what is 0 - 125?
-125
In base 16, what is -aa - 5f?
-109
In base 2, what is -10000110 + 101?
-10000001
In base 11, what is 1197a + 0?
1197a
In base 8, what is -317 + 13?
-304
In base 2, what is 10 + -100010100?
-100010010
In base 3, what is 112210 + 12?
112222
In base 13, what is 1980 + 6?
1986
In base 15, what is -6 + 8?
2
In base 4, what is -231230 - -3?
-231221
In base 10, what is -458 + 5?
-453
In base 12, what is -2a - -23?
-7
In base 2, what is -11101100 - -1101?
-11011111
In base 13, what is 0 - -298?
298
In base 16, what is -8 + 3?
-5
In base 13, what is -3 + -1b0?
-1b3
In base 5, what is 10 - -13022?
13032
In base 12, what is b + 22?
31
In base 11, what is -1 + -18?
-19
In base 7, what is 13032 - 5?
13024
In base 8, what is -1 - 7?
-10
In base 13, what is ac - a?
a2
In base 6, what is 35002 + -1?
35001
In base 11, what is -1a57 + 3?
-1a54
In base 11, what is 1179 + 3?
1181
In base 14, what is 5 + 20?
25
In base 9, what is -1226 + 13?
-1213
In base 8, what is 24 - -452?
476
In base 15, what is 2 - 6c?
-6a
In base 8, what is 5 - -671?
676
In base 6, what is -5 - -201?
152
In base 13, what is 35 + -4?
31
In base 5, what is 2131 + -4?
2122
In base 14, what is -5 - -24a?
245
In base 13, what is -2c1 + -3?
-2c4
In base 15, what is b0 - 3?
ac
In base 10, what is -8 + 81?
73
In base 9, what is -16 - -30?
13
In base 3, what is -1101 - -10?
-1021
In base 7, what is 4 + -150?
-143
In base 8, what is 4316 - 4?
4312
In base 11, what is -47 - -19?
-29
In base 11, what is 19 + -a?
a
In base 10, what is -196 - -6?
-190
In base 5, what is 1 - 300?
-244
In base 15, what is 1d + 2c?
4a
In base 2, what is -101101010 - -1011?
-101011111
In base 10, what is 2 - -378?
380
In base 3, what is -11 + 2202?
2121
In base 4, what is -320 - -2222?
1302
In base 3, what is -101 + 212201?
212100
In base 13, what is 1 - -2294?
2295
In base 4, what is -100023 - 23?
-100112
In base 12, what is 4 - 100?
-b8
In base 3, what is 0 + -21101?
-21101
In base 10, what is 0 + 22?
22
In base 13, what is -88a - 5?
-892
In base 5, what is 1 - 301?
-300
In base 11, what is -20 - 26?
-46
In base 14, what is -217 + -2?
-219
In base 13, what is 0 + 1271?
1271
In base 6, what is 14315 + 4?
14323
In base 3, what is -12 + 12101101?
12101012
In base 4, what is 11 - -2?
13
In base 11, what is 5a5 - -4?
5a9
In base 2, what is -10001010 + 111010?
-1010000
In base 9, what is 3 + 20?
23
In base 4, what is -2021313 + -1?
-2021320
In base 13, what is -348 + -12?
-35a
In base 4, what is 2301133 - -11?
2301210
In base 14, what is 1 - -157?
158
In base 4, what is -333 + -100?
-1033
In base 9, what is 4 + 1134?
1138
In base 16, what is 148 - 9?
13f
In base 3, what is -212212 - -11?
-212201
In base 13, what is 4 - -10b?
112
In base 11, what is -3 + 35a?
35